mine m(2).
-183
Let y(g) = 2*g**2 - 650*g - 5797. Calculate y(-9).
215
Let c(z) = -4*z**2 - 4119*z - 104446. Give c(-26).
-56
Let w(l) = 1108*l + 3456. Calculate w(-3).
132
Let o(g) = -1454*g**2 + 18920*g + 21. What is o(13)?
255
Let w(y) = -49*y**2 - 33868*y - 6199. Determine w(-691).
20
Let p(d) = 2*d**3 + 60*d**2 + 189*d + 2136. Calculate p(-28).
-20
Let z(s) = -1424*s + 61249. What is z(43)?
17
Let c(y) = -y**2 + 2315*y + 3756490. Calculate c(-1100).
-10
Let n(w) = -w**3 - 127*w**2 + 5734*w - 123. What is n(35)?
2117
Let d(c) = 560*c**2 - 5*c - 8. Calculate d(-1).
557
Let b(i) = 2*i**3 + 8*i**2 - 162*i - 38. Give b(8).
202
Let h(r) = 3379*r + 1574450. Calculate h(-466).
-164
Let n(p) = -7663*p**2 - 321847*p + 43. What is n(-42)?
85
Let n(o) = 3*o**3 - 189*o**2 + 192*o - 92. Calculate n(62).
280
Let b(t) = -34892*t + 697842. Give b(20).
2
Let m(b) = 2735*b - 246139. What is m(90)?
11
Let m(g) = 191*g - 9328. Calculate m(49).
31
Let b(r) = 4729*r + 4736. Give b(-1).
7
Let n(c) = -33*c**3 + 10*c + 27. Calculate n(-3).
888
Let l(i) = -31*i**2 + 617*i - 323. What is l(19)?
209
Let x(c) = -c**3 + 193*c**2 - 3631*c + 3298. What is x(172)?
30
Let w(b) = 28*b**2 + 551*b - 2148. Calculate w(-23).
-9
Let d(w) = -24*w**2 - 912*w + 126341. Give d(-94).
5
Let d(z) = 42*z + 4853. Determine d(-72).
1829
Let x(i) = 69*i**2 + 4519*i + 13554. Calculate x(-3).
618
Let d(k) = k**2 - 452*k - 244765. What is d(-318)?
95
Let m(p) = -p**3 - 23*p**2 - 68*p + 239. Determine m(-13).
-567
Let b(u) = 2*u**3 + 600*u**2 + 14280*u + 846. Give b(-26).
14
Let b(m) = -181*m**2 - 105*m - 230. Give b(-2).
-744
Let b(q) = q**3 - 2*q**2 + 1496*q - 2989. What is b(2)?
3
Let a(o) = -14*o**3 + 2085*o**2 + 134*o + 2216. What is a(149)?
-19
Let i(p) = -p**3 - 51*p**2 + 159*p - 3452. Give i(-55).
-97
Let w(s) = -109*s**2 - 12679*s + 39005. What is w(3)?
-13
Let z(k) = -k**3 - 44*k**2 + 252*k + 14. Give z(6).
-274
Let q(m) = -2*m**3 + 256*m**2 - 739*m + 61595. Give q(127).
0
Let v(a) = 2*a**2 + 1031*a + 72782. Calculate v(-431).
-57
Let c(b) = 120*b**3 + 12*b**2 + 120*b + 311. Give c(-4).
-7657
Let z(n) = n**2 - 211*n + 10169. Determine z(146).
679
Let l(p) = -p**2 - 11492*p - 34466. Give l(-3).
1
Let c(y) = y**2 - 406*y + 37611. What is c(168)?
-2373
Let h(p) = 33774*p**2 - 4964778*p + 3. Give h(147).
3
Let m(k) = -k**2 + 34*k + 12586. Give m(139).
-2009
Let v(p) = -6087*p - 152159. Calculate v(-25).
16
Let p(l) = -l**3 + 8*l**2 + 1221*l - 12010. Determine p(10).
0
Let i(n) = 1348*n - 95926. Give i(71).
-218
Let w(d) = 7*d**2 - 39797*d + 2. Give w(0).
2
Let f(v) = -v**3 - 49*v**2 - 300*v + 542. Determine f(-43).
2348
Let o(f) = -2600*f - 205422. What is o(-79)?
-22
Let t(i) = -234*i - 7103. Determine t(-24).
-1487
Let b(j) = 9763*j + 97658. What is b(-10)?
28
Let h(n) = -35*n**2 - 398*n + 127. Give h(-7).
1198
Let y(w) = -66*w**3 - 7*w**2 - 3*w + 3. Determine y(1).
-73
Let q(j) = 997*j - 3989. What is q(5)?
996
Let x(a) = -a**2 + 96310*a + 1059499. Give x(-11).
-32
Let f(s) = -3*s**3 - 12*s**2 + 56*s + 161. Determine f(-4).
-63
Let l(j) = 76*j**2 + 2298*j + 47. Determine l(-30).
-493
Let r(j) = -23*j**2 - 1675*j + 5198. What is r(3)?
-34
Let w(a) = 677*a - 668. Determine w(2).
686
Let b(q) = -14*q**2 + 179*q + 129. What is b(18)?
-1185
Let u(j) = -1234*j**2 + 38272*j - 572. What is u(31)?
-14
Let d(h) = -3*h**2 - 68*h + 5452. What is d(34)?
-328
Let x(y) = -2*y**3 + 189*y**2 - 3855*y + 137. Calculate x(65).
-1163
Let a(h) = -10*h**2 - 6*h + 73. Give a(11).
-1203
Let g(c) = -175*c + 17339. What is g(99)?
14
Let a(k) = -262127*k - 64. Give a(0).
-64
Let h(t) = 8*t**3 + 536*t**2 - 124. What is h(-67)?
-124
Let p(a) = 141224*a - 847346. Calculate p(6).
-2
Let i(w) = 2*w**3 - 39*w**2 - 110*w - 275. Calculate i(22).
-275
Let n(r) = r**3 - 73*r**2 - 3094*r + 405. Calculate n(103).
-7
Let c(b) = 9*b**3 - 1595*b**2 - 1142*b - 18533. Determine c(178).
-21
Let i(c) = 305*c**2 - 3456*c + 1105. Give i(11).
-6
Let m(s) = -3508*s + 66559. Calculate m(19).
-93
Let h(y) = 145*y + 56742. Give h(-392).
-98
Let b(g) = -6*g**2 - 495*g - 1971. Give b(-77).
570
Let x(i) = -51901*i + 7785149. Give x(150).
-1
Let z(o) = 35*o**3 + 78*o**2 - o - 37. What is z(-2)?
-3
Let t(j) = 8*j**3 + 914*j**2 + 224*j - 418. Give t(-114).
38
Let i(v) = 12*v**3 - 150*v**2 + 217*v - 246. Determine i(11).
-37
Let y(j) = j**3 + 27*j**2 + 5*j + 64. What is y(-27)?
-71
Let j(z) = 28617*z - 2003186. Give j(70).
4
Let f(m) = 205*m + 85909. What is f(-419)?
14
Let r(n) = 137610*n - 1651331. Give r(12).
-11
Let y(u) = 2628*u - 62919. What is y(24)?
153
Let f(i) = -166*i**2 - 9798*i - 189. Determine f(-59).
47
Let x(d) = 4*d**3 + 102*d**2 + 375*d - 114. Give x(-21).
-51
Let v(m) = m**3 - 252*m**2 - 756*m - 2295. Give v(255).
0
Let z(c) = c**3 + 158*c**2 - 1737*c - 7697. Give z(-168).
1879
Let v(a) = 4*a**2 - 160*a - 2493. Determine v(50).
-493
Let j(q) = -q**2 - 72*q + 292. Determine j(-70).
432
Let y(p) = 104*p - 11880. Calculate y(74).
-4184
Let c(d) = -26791*d + 321421. Calculate c(12).
-71
Let h(a) = 5963*a + 256567. Calculate h(-43).
158
Let s(q) = 177*q + 3643. Calculate s(-15).
988
Let q(j) = -3*j**3 + 286*j**2 - 908*j - 70. Calculate q(92).
1034
Let d(l) = -23*l**2 + 3224*l - 6446. Determine d(2).
-90
Let w(c) = -105*c**2 + 3012*c + 16. Determine w(28).
2032
Let s(b) = 213*b - 9540. What is s(42)?
-594
Let j(y) = y**3 + 15*y**2 + 599*y + 8208. Give j(-14).
18
Let t(b) = -4*b**3 - 18*b**2 + 19*b + 340. Calculate t(-12).
4432
Let m(q) = -206*q + 3135. Determine m(-1).
3341
Let t(c) = -73*c**2 - 2842*c + 64. Give t(-39).
-131
Let m(p) = -4*p**2 + 66966*p + 267864. Give m(-4).
-64
Let q(z) = -z**2 - 12830*z + 282739. Calculate q(22).
-5
Let j(u) = 225750*u + 677260. Calculate j(-3).
10
Let r(d) = d**3 - 135*d**2 + 132*d - 34. What is r(134)?
-302
Let f(v) = -39010*v - 38999. Give f(-1).
11
Let m(t) = 2*t**3 + 278*t**2 - 134*t + 20436. Give m(-140).
-4
Let b(c) = -1802*c**2 + 19817*c + 50. Give b(11).
-5
Let j(r) = 5*r**3 - 556*r**2 + 8756*r + 64. What is j(19)?
7
Let x(y) = y**2 + 640*y + 63923. What is x(-124)?
-61
Let j(c) = -5*c**2 - 36*c + 2705. Calculate j(20).
-15
Let h(x) = -59758*x - 359392. Give h(-6).
-844
Let k(t) = 11242*t + 157458. Give k(-14).
70
Let z(g) = g**3 + 139*g**2 - 10414*g + 3. Give z(54).
435
Let t(l) = -4*l**2 + 232*l - 3157. Give t(23).
63
Let n(j) = -j**2 - 230*j + 39673. Give n(117).
-926
Let g(x) = -x**3 - 23*x**2 - 1039*x - 20876. Give g(-21).
61
Let g(d) = -297*d**2 + 1527*d - 188. What is g(5)?
22
Let j(g) = 735*g - 30818. Calculate j(42).
52
Let j(q) = 3*q**3 + 990*q**2 - 68853*q - 27. Calculate j(59).
-27
Let q(w) = 137*w - 5258. What is q(39)?
85
Let x(r) = -76*r**2 - 1546*r - 3504. Give x(-18).
-300
Let s(t) = 191190*t + 2103082. What is s(-11)?
-8
Let q(d) = d**3 - 10*d**2 + 642*d - 5002. Give q(8).
6
Let x(d) = -132*d**3 + 152*d**2 + 47*d - 73. Determine x(1).
-6
Let o(m) = -18*m**2 - 853*m + 4278. Determine o(5).
-437
Let z(m) = 30*m + 1417. Give z(-44).
97
Let q(y) = -y**3 - 53*y**2 + 2531*y + 132333. Calculate q(-56).
5
Let i(k) = k**2 - 63*k + 946. What is i(38)?
-4
Let l(v) = -35558*v + 782244. What is l(22)?
-32
Let a(z) = 5926*z + 71359. What is a(-12)?
247
Let c(u) = 3*u**3 + 3066*u**2 + 9258*u + 88653. Give c(-1019).
0
Let s(k) = 4*k**3 + 979*k**2 - 7267*k + 10331. Give s(-252).
-1
Let m(f) = -348*f**2 + 82825*f - 243. Give m(238).
-5
Let l(q) = -178*q + 2241. Give l(11).
283
Let i(c) = c**3 - 70*c**2 + 216*c - 978. Determine i(67).
27
Let q(c) = -14*c**2 + 3543*c - 40724. What is q(241)?
5
Let l(i) = 280*i - 46979. Calculate l(168).
61
Let w(z) = z**3 - 48*z**2 + 223*z - 403. Determine w(43).
-59
Let v(y) = 3*y**3 - 25*y**2 - 80851*y + 646877. Calculate v(8).
5
Let z(x) = x**2 + 65365*x - 22603899. Determine z(344).
-3
Let v(b) = b**2 + 698*b + 77292. Determine v(-138).
12
Let w(a) = -a**3 - 26*a**2 + 97*a + 290. Determine w(-30).
980
Let j(t) = -2529*t + 35409. Give j(14).
3
Let m(o) = 8*o**3 + 542*o**2 - 123*o - 1545. Determine m(-68).
-2429
Let m(b) = 2*b**2 - 21134*b + 126726. What is m(6)?
-6
Let n(s) = 15*s**3 + 6*s**2 + 2767*s + 2764. Give n(-1).
-12
Let p(i) = 2009*i - 11425. Calculate p(5).
-1380
Let v(a) = -13*a**2 + 1323*a - 9748. Calculate v(8).
4
Let p(b) = -4*b**2 -